 5
Suppose -4*b + 0*g = 4*g - 16, -b - 5*g = -4. Suppose -5*q + 4*l = -b*q - 48, q - 48 = 3*l. List the prime factors of q.
2, 3
Let d = -13 + 52. Suppose -2*a + 5*t = a - d, 2*a + t = 39. Let f = 30 - a. List the prime factors of f.
2, 3
Let p(q) = -3*q - 2. Let f be p(-2). Suppose -3*t - 8 = s + f, 0 = -s + 2*t + 3. Let k(h) = 2*h**2 + 1. List the prime factors of k(s).
19
Let y be (-1)/(2/(-312)*2). Suppose -y = -5*g + 3*b, 5*b + 5 = -g + 15. List the prime factors of g.
3, 5
Suppose 2*s - 3*o = -19, -3*o = 8*s - 3*s - 5. List the prime factors of (-6 - s)*(0 - 4).
2
Suppose 0 = -5*c - 25, -4*o + 3*c + 35 - 8 = 0. Suppose 0 = b - 2*y + 3, b + o*y - 17 = y. What are the prime factors of b?
7
Suppose 3*t = -3, -a + 41 = -3*t + t. What are the prime factors of a?
3, 13
Let d be 23/5 + (-4)/(-10). Let q = d + -3. List the prime factors of q.
2
Let i(c) = 5*c + 45. What are the prime factors of i(7)?
2, 5
Suppose -5*w = -4*r + 101, 2*w + 73 = 3*r + w. Let c(k) = -k**3 + 7*k**2 - 2*k + 2. Let y be c(7). Let v = y + r. What are the prime factors of v?
2, 3
Let x = -5 + 10. Let o = -4 + 1. Let z = o + x. List the prime factors of z.
2
Let y = 5 - 3. Suppose 0 = -m - y*m + 87. List the prime factors of m.
29
Let g(o) = o**2 - 4*o + 55. List the prime factors of g(0).
5, 11
Let w be 2 + (0 - -2 - 1). Suppose -2*b - 57 = -w*b. Suppose 22 = 2*y - 5*x - 13, 4*y + 3*x - b = 0. List the prime factors of y.
3, 5
Let c(r) = 143*r**3 - r**2. List the prime factors of c(1).
2, 71
Let a(z) = -z**3 - 4*z**2 + 7*z - 5. Suppose 2*w + 10 = -2. What are the prime factors of a(w)?
5
Let s(c) = -2*c + 3*c - 2*c + 5*c. List the prime factors of s(1).
2
Suppose 3*w = i + 5*w - 330, -3*i + 5*w = -935. What are the prime factors of i?
2, 5
Suppose w + 2*d = 1, -5 = -3*w - 4*d + 2. Suppose -60 = w*x - 10*x. List the prime factors of x.
2, 3
Suppose 0 = f + y - 27, 5*f = -3*y + 4*y + 159. What are the prime factors of f?
31
Let z = -10 - -16. Let m(o) = -o + 7. Let g be m(z). List the prime factors of 13/g - (-2 - -1).
2, 7
List the prime factors of ((-3)/(-6))/(4/392).
7
Suppose 2*b = 3*b. Suppose 4*z - 2*p - 48 = -0*p, 5*z - 4*p - 63 = b. List the prime factors of z.
11
List the prime factors of (-10 - -166)*(-2)/(-6).
2, 13
What are the prime factors of (33/6)/(1/4)?
2, 11
Let r(y) = -y**2 - 7*y + 7. List the prime factors of r(-7).
7
Let u(w) = w - 3. Suppose 2*i = 3*i - 5. Let v be u(i). What are the prime factors of 1 + 8 + -2 + v?
3
Let l = -61 + 102. List the prime factors of l.
41
Let g(z) = 14*z**2 + z - 6. Let m(i) = -13*i**2 - i + 5. Let k(b) = -6*g(b) - 7*m(b). List the prime factors of k(-1).
7
Suppose -37*m + 140 = -30*m. List the prime factors of m.
2, 5
Let z = 3 - -2. Let q be 10*1*(-3)/(-6). Suppose -q*j + w = -w - 5, -w = z*j - 20. What are the prime factors of j?
3
List the prime factors of (-80)/24*54/(-4).
3, 5
Let h(w) = w + 4. Let l be h(-10). Let v = 16 + l. What are the prime factors of v?
2, 5
Suppose m - 4*m = -9. What are the prime factors of m?
3
What are the prime factors of 8/2*(-1 - 150/(-4))?
2, 73
List the prime factors of ((-35)/3 + 2)*(1 + -13).
2, 29
Suppose -12 = i - 3*w - 266, w = 2. What are the prime factors of i?
2, 5, 13
Suppose c + 2*k = 11, 2*c - 13 - 1 = -2*k. Let n be -7*(c + -2)/(-1). Let r = 18 - n. What are the prime factors of r?
11
Let a(q) = -46*q + 11. What are the prime factors of a(-2)?
103
Suppose 3*j = 2*j + 42. Suppose 5*o + 53 = -j. List the prime factors of o/((1 - -1)/(-2)).
19
Let q = 15 - 7. Suppose n = 3*n - q. Suppose 0 = -n*g + 3*d + 40, 5*d = -2 + 22. List the prime factors of g.
13
Let i(d) = -d**3 + 8*d**2 + 9*d - 10. Let t be i(9). What are the prime factors of (-9)/(-1)*(15 + t)?
3, 5
Suppose 5*x - 5*h - 30 = 0, -2*x + 24 = 3*x + h. List the prime factors of x.
5
Let k be (56/21)/((-2)/6). Let n(d) = d**3 + 9*d**2 + 4*d + 3. What are the prime factors of n(k)?
5, 7
Suppose 0 = -c - 2*c + 9. Let g = -1 + c. Suppose 18 = -0*u + g*u. List the prime factors of u.
3
Let b(f) = -f**3 + 7*f**2 - 3*f - 3. Suppose -3*y = -0*y - 18. What are the prime factors of b(y)?
3, 5
Suppose 4*b - 8 = 0, -b + 90 = 4*k + 4*b. What are the prime factors of k?
2, 5
Suppose 12*y - 880 = 10*y. List the prime factors of y.
2, 5, 11
Let p(u) = 3*u - 11. Let g be p(9). Let o = g + 5. List the prime factors of o.
3, 7
Suppose -5*w = -2*b + 3*b + 5, -w + 5 = -b. Suppose q + w*q = -1. Let n = q + 3. What are the prime factors of n?
2
Let f(p) = p**2 - 9*p. Let o be f(9). Suppose o = -3*j + j + 8. Suppose v = -v + j. List the prime factors of v.
2
List the prime factors of 22*3/2 + -2.
31
What are the prime factors of 55 - (8/2)/(-1)?
59
Let w(m) = m**2 - 5*m + 24. What are the prime factors of w(12)?
2, 3
Suppose 5*k - 127 = -0*t + 3*t, 104 = 4*k - 3*t. What are the prime factors of k?
23
Let g = -153 - -265. List the prime factors of g.
2, 7
Suppose 5*a = 245 + 115. What are the prime factors of a?
2, 3
Let q be (0 + -6)*(-57)/6. Let m = q - 32. List the prime factors of m.
5
Suppose 5*k - 12 = 143. List the prime factors of k.
31
Let n(u) = u**3 + 9*u**2 - 9*u - 11. What are the prime factors of n(-9)?
2, 5, 7
Let l(b) = b**2 + 8*b. What are the prime factors of l(6)?
2, 3, 7
Let t(f) = -8*f + 3. What are the prime factors of t(-4)?
5, 7
Suppose 4*r - 169 = 19. List the prime factors of r.
47
Let v = 22 - 9. What are the prime factors of v?
13
Suppose -127 = 3*v - 4*h, -h + 147 = -4*v - 31. Let z = -22 - v. List the prime factors of z.
23
Suppose 4*i - 8 = -w + 3*w, 0 = 4*w + 5*i - 49. List the prime factors of (-230)/(-8) + w/24.
29
Let z be (-3)/((-1)/((-14)/(-3))). Let q = z - 4. List the prime factors of (-9)/(-2) + 5/q.
5
Let p(f) = -f**2 + 6. Let n be p(10). List the prime factors of (-5)/(-10) - n/4.
2, 3
Suppose -b + 5*x = -71, -4*b - 2*x + 379 = -3*x. Suppose 0 = 5*u - 2*u - b. What are the prime factors of u?
2
Let x(l) = -3*l - 3. Suppose 3*y + 9 = -0. Let r be x(y). What are the prime factors of ((-10)/(-4))/(3/r)?
5
Let s = -174 - -255. List the prime factors of s.
3
Suppose -3*j + 33 = -3*k, -3*k - 5 = -4*k. List the prime factors of j.
2
Let j be 2/(-4)*(-2 + -2). Let d(n) = 2*n**2 - 2*n + 3. List the prime factors of d(j).
7
Let r(g) = 8*g - 4. List the prime factors of r(4).
2, 7
List the prime factors of 4/(-30) + (-3 - (-3910)/75).
7
Let m be 1 + (27 - 6/(-3)). Let l be 5/(m/(-9))*-2. Suppose -4*n + 20 = 5*y, 5*n - 14 = l*y + 11. What are the prime factors of n?
5
Let s(l) = 22*l + 2. Suppose 0 = c - 5*c - 8. Let a be s(c). What are the prime factors of a/(-4) - (-5)/(-10)?
2, 5
Let x(r) = r**3 - 9*r**2 + 3*r - 19. List the prime factors of x(9).
2
List the prime factors of 4/6 - (-1452)/36.
41
Let l(u) = -u**3 + 11*u**2 - 8*u - 13. Let i be l(10). What are the prime factors of 2 - (i - 1)/(-3)?
2
Suppose v - 9 = -2*k, k + 4*v = -v + 27. Suppose -i - 2 = -k*i. Suppose -i*n - 8 = -26. What are the prime factors of n?
3
Let l(m) = m**3 - 12*m**2 - 12*m - 10. What are the prime factors of l(13)?
3
Let k(o) = 0*o - 8 + 5*o - 3*o. Let u be k(6). Suppose 34 = u*w - 2*w - 5*d, 0 = -d - 2. What are the prime factors of w?
2, 3
Let r = 56 - 8. What are the prime factors of r?
2, 3
Let i = -4 - -8. Suppose 4*p + 5*v - 22 = 0, i*v - 30 = -4*p + 3*v. Suppose 27 = 2*t - 3*h, -p*t - 2*h = -3*t - 58. What are the prime factors of t?
2, 3
Let q be (-2)/(-3) + 116/(-12). Let s = 0 - q. What are the prime factors of s?
3
Let n(a) = a. Let z = -3 + 21. Suppose 4*r - 3*d = z, 3*r - 7 = 4*d + 3. What are the prime factors of n(r)?
2, 3
Suppose -h - 3*h + 324 = 0. List the prime factors of h.
3
Let b(u) = -4*u - 6. Let p(g) = -5*g - 5. Let z(o) = -6*b(o) + 5*p(o). Let s be z(5). Suppose s = a - 4. List the prime factors of a.
2, 5
Let k = -12 + 25. Let z = 16 - k. List the prime factors of z.
3
Suppose 5*o - 15 = -2*k, k - 3*k + 13 = 3*o. Let t be (10/25)/((-1)/k). Let y = t + 4. List the prime factors of y.
2
Let n = -9 + 11. Suppose 0 = 4*k - q - 70, n*k - 82 = -2*k - 5*q. What are the prime factors of k?
2, 3
Suppose 3*j - 1 = 11. Suppose h + 0*h = -j. List the prime factors of -2*1/(-2) - h.
5
Suppose 5*c - 1406 = r - 4*r, 5*r = 3*c - 830. What are the prime factors of c?
2, 5, 7
Suppose -57 - 463 = -4*p. List the prime fac